False
Is 1066 a factor of 772454640?
False
Does 17 divide 131492819?
False
Is 88 a factor of 87136368?
True
Is 88590886 a multiple of 348?
False
Is 844266163 a multiple of 13100?
False
Is 32103918 a multiple of 147?
True
Is 26977501 a multiple of 4272?
False
Is 71758522 a multiple of 175?
False
Is 50152874 a multiple of 89?
False
Is 2095 a factor of 397195881?
False
Is 71 a factor of 537182379?
True
Is 77605111 a multiple of 389?
True
Is 4308877 a multiple of 262?
False
Does 42 divide 12932717?
False
Is 11 a factor of 12559207?
False
Is 45508559 a multiple of 272?
False
Is 69291193 a multiple of 1438?
False
Does 13 divide 34825951?
False
Is 79872320 a multiple of 3520?
True
Does 4 divide 26959056?
True
Is 1234 a factor of 70929086?
True
Is 11 a factor of 67576323?
False
Does 22 divide 59896395?
False
Is 195294966 a multiple of 1685?
False
Does 9 divide 5819400?
True
Does 34 divide 129654988?
True
Is 217592586 a multiple of 28?
False
Is 262382388 a multiple of 516?
True
Is 12988862 a multiple of 13?
False
Is 905 a factor of 15725735?
False
Is 15 a factor of 23806899?
False
Is 142308613 a multiple of 3804?
False
Does 8 divide 4923200?
True
Is 236350827 a multiple of 356?
False
Is 136 a factor of 4334165232?
True
Does 33 divide 2090776?
False
Does 8398 divide 430621208?
False
Is 156304512 a multiple of 392?
True
Is 571 a factor of 119203673?
True
Does 373 divide 135468938?
False
Is 21 a factor of 173931882?
False
Is 1102850829 a multiple of 27?
True
Is 483313032 a multiple of 5?
False
Is 39 a factor of 149698692?
True
Is 49879254 a multiple of 76?
False
Is 66 a factor of 14828329?
False
Is 3255 a factor of 1679892480?
True
Is 1790460 a multiple of 2?
True
Does 235 divide 98163471?
False
Is 30 a factor of 159265651?
False
Is 381115701 a multiple of 259?
False
Is 5383015 a multiple of 97?
True
Is 579366720 a multiple of 10?
True
Is 76 a factor of 5278178?
False
Is 45 a factor of 1882235880?
True
Does 3478 divide 44212336?
True
Is 1611 a factor of 26094978?
True
Is 34 a factor of 1161628156?
True
Does 5 divide 9568906?
False
Is 36228428 a multiple of 59?
False
Is 9328410 a multiple of 18?
True
Is 4740827 a multiple of 91?
True
Does 59 divide 1345153420?
False
Is 30 a factor of 1523004900?
True
Is 340192419 a multiple of 7?
True
Does 91 divide 17617964?
True
Is 3484 a factor of 468740844?
True
Is 899608 a multiple of 139?
True
Does 1146 divide 2152212107?
False
Does 69 divide 5589207?
True
Does 436 divide 977133811?
False
Is 52035861 a multiple of 281?
True
Is 71707007 a multiple of 1121?
True
Is 1604 a factor of 204602749?
False
Is 196 a factor of 1248520?
True
Is 10 a factor of 6749310?
True
Does 11 divide 27627589?
True
Does 54 divide 1518318001?
False
Does 1206 divide 1155467137?
False
Does 79 divide 80248124?
False
Does 4 divide 46425482?
False
Is 5 a factor of 6240183?
False
Is 21 a factor of 7420707?
True
Does 3877 divide 20100265?
False
Is 112 a factor of 2055424?
True
Does 4 divide 724659724?
True
Does 19 divide 76759620?
True
Is 211 a factor of 54179314?
True
Does 30 divide 61238640?
True
Does 14 divide 1026425524?
False
Does 4455 divide 1063735833?
False
Is 13 a factor of 1371971488?
False
Does 383 divide 140540318?
True
Is 1700233095 even?
False
Does 109 divide 124533372?
True
Is 3539 a factor of 435700446?
True
Is 182696423 a multiple of 403?
True
Is 12 a factor of 1292183604?
True
Is 1824 a factor of 894978432?
True
Is 535794895 a multiple of 236?
False
Is 235148913 a multiple of 236?
False
Is 15 a factor of 515282235?
True
Is 389443982 a multiple of 3259?
True
Is 374818368 a multiple of 67?
True
Is 58527646 a multiple of 13?
False
Is 77176192 a multiple of 4892?
True
Is 3061 a factor of 98887940?
False
Does 41 divide 80135156?
True
Does 369 divide 2580484896?
True
Is 1976 a factor of 5697926?
False
Is 46 a factor of 261071318?
False
Is 2 a factor of 1614139137?
False
Is 5 a factor of 97083280?
True
Is 798477002 a multiple of 13?
False
Does 463 divide 43316428?
True
Is 61834027 a multiple of 330?
False
Is 6500892 a multiple of 332?
True
Is 4543 a factor of 8836135?
True
Is 106 a factor of 74032096?
True
Does 2714 divide 1982753331?
False
Is 20730190 a multiple of 130?
True
Is 595781440 a multiple of 172?
False
Is 68 a factor of 103978936?
True
Is 9460175 a multiple of 5?
True
Is 2757351959 a multiple of 156?
False
Does 6 divide 274068792?
True
Is 2188 a factor of 1381322240?
False
Is 81 a factor of 1729405?
False
Is 25844484 a multiple of 19?
True
Is 9581859 a multiple of 7?
True
Is 102 a factor of 67317738?
False
Does 12 divide 15774477?
False
Is 109 a factor of 3238935?
True
Does 9 divide 107686098?
True
Does 1779 divide 931634026?
False
Is 33056580 a multiple of 19?
True
Is 157909437 a multiple of 63?
True
Is 1270629990 a multiple of 35?
True
Is 521 a factor of 5542632329?
False
Is 127780308 a multiple of 36?
True
Does 242 divide 779341882?
True
Is 136 a factor of 123911793?
False
Is 24489786 a multiple of 487?
False
Is 18 a factor of 2193419034?
True
Is 5849 a factor of 209569055?
False
Does 108 divide 2490933708?
True
Is 7052892 a multiple of 308?
True
Does 13 divide 2084066604?
False
Is 17 a factor of 1300707767?
False
Is 43047712 a multiple of 1100?
False
Is 1146 a factor of 2078994126?
True
Does 660 divide 621562510?
False
Does 77 divide 2804203556?
True
Does 59 divide 57517328?
False
Is 784315617 a multiple of 16?
False
Is 106275819 even?
False
Is 75563379 a multiple of 9?
True
Does 4 divide 3676175?
False
Is 16 a factor of 2328791601?
False
Is 61737230 a multiple of 359?
True
Is 9 a factor of 33345876?
False
Does 188 divide 129248330?
False
Is 39417993 a multiple of 71?
True
Does 2636 divide 2140693445?
False
Does 11 divide 122905332?
True
Is 357160731 a multiple of 1707?
True
Is 1429378450 a multiple of 877?
True
Is 55963922 a multiple of 23?
True
Is 828570840 a multiple of 40?
True
Does 11 divide 398957891?
False
Is 104229216 a multiple of 1164?
True
Does 5 divide 1582238343?
False
Does 8 divide 6505381?
False
Does 126 divide 340040106?
True
Is 36 a factor of 803044224?
True
Is 598955988 a multiple of 2868?
True
Is 822 a factor of 285344046?
False
Is 91 a factor of 32282978?
True
Is 19643194 a multiple of 872?
False
Does 204 divide 1952297748?
True
Does 300 divide 182685600?
True
Is 51 a factor of 2568819714?
True
Is 14 a factor of 27721176?
True
Is 7601 a factor of 1950751044?
True
Is 217441881 a multiple of 9?
True
Is 31030741 a multiple of 447?
False
Is 14 a factor of 163145759?
False
Does 82 divide 105256266?
True
Is 27 a factor of 34285734?
True
Is 59 a factor of 1037982457?
True
Does 56 divide 32843293?
False
Does 132 divide 1538065367?
False
Is 3529 a factor of 956371380?
False
Does 92 divide 217612108?
True
Is 206616362 a multiple of 74?
True
Is 149 a factor of 635721?
False
Is 22794440 a multiple of 14?
False
Is 302 a factor of 60275878?
True
Does 25 divide 523238315?
False
Is 23 a factor of 94711125?
True
Is 1088 a factor of 552774720?
True
Is 457846229 a multiple of 523?
True
Does 2138 divide 6772850?
False
Is 30 a factor of 7167720?
True
Does 199 divide 12370423?
False
Is 150269625 a multiple of 25?
True
Is 18 a factor of 271246914?
True
Does 43 divide 45002281?
False
Is 19239296 a multiple of 64?
True
Does 462 divide 26873093?
False
Is 404 a factor of 60824624?
True
Is 1281558123 a multiple of 20?
False
Is 16831881 a multiple of 6?
False
Is 32 a factor of 167444560?
False
Is 318389918 a multiple of 37?
False
Does 14 divide 559665890?
True
Does 244 divide 527255836?
False
Is 1330 a factor of 708676265?
False
Is 200 a factor of 55071446?
False
Is 17 a factor of 16287100?
False
Is 459 a factor of 159706296?
True
Is 9 a factor of 12074292?
True
Does 768 divide 485005824?
True
Does 9 divide 26865387?
True
Is 10543078 a multiple of 13?
True
Is 333379626 a multiple of 8?
False
Is 501806623 a multiple of 2712?
False
Is 1369 a factor of 931768180?
False
Is 110973483 a multiple of 191?
True
Is 60 a factor of 157500952?
False
Is 1180 a factor of 121249144?
False
Is 2 a factor of 3984077?
False
Is 9 a factor of 34050222?
True
Is 248186752 a multiple of 128?
True
Is 200 a factor of 62346400?
True
Is 256 a factor of 331794688?
True
Does 1658 divide 41668856?
True
Is 228418554 a multiple of 14?
True
Is 1163 a factor of 16